{"id":25115,"date":"2021-02-18T01:21:56","date_gmt":"2021-02-18T01:21:56","guid":{"rendered":"https:\/\/profissionais.aecister.pt\/?page_id=25115"},"modified":"2024-02-27T12:34:10","modified_gmt":"2024-02-27T12:34:10","slug":"multimedia","status":"publish","type":"page","link":"https:\/\/profissionais.aecister.pt\/index.php\/multimedia\/","title":{"rendered":"MULT"},"content":{"rendered":"\t\t<div data-elementor-type=\"wp-page\" data-elementor-id=\"25115\" class=\"elementor elementor-25115\" data-elementor-settings=\"[]\">\n\t\t\t\t\t\t\t<div class=\"elementor-section-wrap\">\n\t\t\t\t\t\t\t<section class=\"elementor-section elementor-top-section elementor-element elementor-element-bbd55b5 elementor-section-boxed elementor-section-height-default elementor-section-height-default\" data-id=\"bbd55b5\" data-element_type=\"section\">\n\t\t\t\t\t\t<div class=\"elementor-container elementor-column-gap-default\">\n\t\t\t\t\t<div class=\"elementor-column elementor-col-100 elementor-top-column elementor-element elementor-element-72ed749\" data-id=\"72ed749\" data-element_type=\"column\">\n\t\t\t<div class=\"elementor-widget-wrap elementor-element-populated\">\n\t\t\t\t\t\t\t\t<div class=\"elementor-element elementor-element-4245064 elementor-widget elementor-widget-heading\" data-id=\"4245064\" data-element_type=\"widget\" data-widget_type=\"heading.default\">\n\t\t\t\t<div class=\"elementor-widget-container\">\n\t\t\t<h2 class=\"elementor-heading-title elementor-size-default\">plano de estudos<\/h2>\t\t<\/div>\n\t\t\t\t<\/div>\n\t\t\t\t<div class=\"elementor-element elementor-element-cc450d2 elementor-widget elementor-widget-image\" data-id=\"cc450d2\" data-element_type=\"widget\" data-widget_type=\"image.default\">\n\t\t\t\t<div class=\"elementor-widget-container\">\n\t\t\t\t\t<div class=\"elementor-image\">\n\t\t\t\t\t\t\t\t\t\t<img width=\"821\" height=\"632\" src=\"https:\/\/profissionais.aecister.pt\/wp-content\/uploads\/2021\/02\/mult.png\" class=\"attachment-large size-large\" alt=\"\" loading=\"lazy\" srcset=\"https:\/\/profissionais.aecister.pt\/wp-content\/uploads\/2021\/02\/mult.png 821w, https:\/\/profissionais.aecister.pt\/wp-content\/uploads\/2021\/02\/mult-300x231.png 300w, https:\/\/profissionais.aecister.pt\/wp-content\/uploads\/2021\/02\/mult-768x591.png 768w\" sizes=\"(max-width: 821px) 100vw, 821px\" \/>\t\t\t\t\t\t\t\t\t\t\t<\/div>\n\t\t\t\t<\/div>\n\t\t\t\t<\/div>\n\t\t\t\t<div class=\"elementor-element elementor-element-7c01496 elementor-widget elementor-widget-heading\" data-id=\"7c01496\" data-element_type=\"widget\" data-widget_type=\"heading.default\">\n\t\t\t\t<div class=\"elementor-widget-container\">\n\t\t\t<h2 class=\"elementor-heading-title elementor-size-default\">aptid\u00f5es<\/h2>\t\t<\/div>\n\t\t\t\t<\/div>\n\t\t\t\t<div class=\"elementor-element elementor-element-1c3e922 elementor-widget elementor-widget-text-editor\" data-id=\"1c3e922\" data-element_type=\"widget\" data-widget_type=\"text-editor.default\">\n\t\t\t\t<div class=\"elementor-widget-container\">\n\t\t\t\t\t<div class=\"elementor-text-editor elementor-clearfix\"><p>Conhecer e desenvolver produtos multim\u00e9dia interativos;<\/p><p>Captar, digitalizar e tratar imagens, som e texto;<\/p><p>Editar conte\u00fados com vista \u00e0 cria\u00e7\u00e3o de solu\u00e7\u00f5es de comunica\u00e7\u00e3o;<\/p><p>Integrar conte\u00fados utilizando ferramentas de autor;<\/p><p>Programar aplica\u00e7\u00f5es multim\u00e9dia;<\/p><p>Animar objetos para aplica\u00e7\u00f5es multim\u00e9dia;<\/p><p>Desenhar conte\u00fados multim\u00e9dia.<\/p><div>\u00a0<\/div><\/div>\n\t\t\t\t<\/div>\n\t\t\t\t<\/div>\n\t\t\t\t<div class=\"elementor-element elementor-element-bfbf226 elementor-widget elementor-widget-heading\" data-id=\"bfbf226\" data-element_type=\"widget\" data-widget_type=\"heading.default\">\n\t\t\t\t<div class=\"elementor-widget-container\">\n\t\t\t<h2 class=\"elementor-heading-title elementor-size-default\">sa\u00eddas profissionais<\/h2>\t\t<\/div>\n\t\t\t\t<\/div>\n\t\t\t\t<div class=\"elementor-element elementor-element-8f880ff elementor-widget elementor-widget-text-editor\" data-id=\"8f880ff\" data-element_type=\"widget\" data-widget_type=\"text-editor.default\">\n\t\t\t\t<div class=\"elementor-widget-container\">\n\t\t\t\t\t<div class=\"elementor-text-editor elementor-clearfix\"><p>Fot\u00f3grafo \/ Vide\u00f3grafo<\/p><p>Designer Gr\u00e1fico<\/p><p>Web Designer<\/p><p>Criador de ambientes virtuais<\/p><p>Animador 2D<\/p><p>Modelador \/ Animador 3D<\/p><p>Gestor de Redes Sociais<\/p><p>Produtor \/ Gestor de Projetos Multim\u00e9dia<\/p><p>Programador de Aplica\u00e7\u00f5es Multim\u00e9dia<\/p><p>Misturador de Som e Imagem<\/p><p>T\u00e9cnico de anima\u00e7\u00e3o multim\u00e9dia<\/p><\/div>\n\t\t\t\t<\/div>\n\t\t\t\t<\/div>\n\t\t\t\t<div class=\"elementor-element elementor-element-780345c elementor-widget elementor-widget-heading\" data-id=\"780345c\" data-element_type=\"widget\" data-widget_type=\"heading.default\">\n\t\t\t\t<div class=\"elementor-widget-container\">\n\t\t\t<h2 class=\"elementor-heading-title elementor-size-default\">tESTEMUNHOS<\/h2>\t\t<\/div>\n\t\t\t\t<\/div>\n\t\t\t\t<div class=\"elementor-element elementor-element-3bf4bef elementor-widget__width-initial elementor-widget elementor-widget-text-editor\" data-id=\"3bf4bef\" data-element_type=\"widget\" data-widget_type=\"text-editor.default\">\n\t\t\t\t<div class=\"elementor-widget-container\">\n\t\t\t\t\t<div class=\"elementor-text-editor elementor-clearfix\"><p><span style=\"color: #0d0d0d; font-family: S\u00f6hne, ui-sans-serif, system-ui, -apple-system, 'Segoe UI', Roboto, Ubuntu, Cantarell, 'Noto Sans', sans-serif, 'Helvetica Neue', Arial, 'Apple Color Emoji', 'Segoe UI Emoji', 'Segoe UI Symbol', 'Noto Color Emoji'; font-size: 16px; font-style: normal; font-weight: 400; white-space-collapse: preserve;\">O curso de T\u00e9cnico de Multim\u00e9dia tem sido uma experi\u00eancia estimulante, onde mergulhei em um mundo de criatividade e aprendizado. Estou entusiasmado para explorar novas t\u00e9cnicas e contribuir para a ind\u00fastria multim\u00e9dia com minha criatividade e habilidades em design<\/span><\/p><\/div>\n\t\t\t\t<\/div>\n\t\t\t\t<\/div>\n\t\t\t\t<div class=\"elementor-element elementor-element-5093fb1 elementor-widget elementor-widget-spacer\" data-id=\"5093fb1\" data-element_type=\"widget\" data-widget_type=\"spacer.default\">\n\t\t\t\t<div class=\"elementor-widget-container\">\n\t\t\t\t\t<div class=\"elementor-spacer\">\n\t\t\t<div class=\"elementor-spacer-inner\"><\/div>\n\t\t<\/div>\n\t\t\t\t<\/div>\n\t\t\t\t<\/div>\n\t\t\t\t<div class=\"elementor-element elementor-element-b4f05a6 elementor-widget elementor-widget-spacer\" data-id=\"b4f05a6\" data-element_type=\"widget\" data-widget_type=\"spacer.default\">\n\t\t\t\t<div class=\"elementor-widget-container\">\n\t\t\t\t\t<div class=\"elementor-spacer\">\n\t\t\t<div class=\"elementor-spacer-inner\"><\/div>\n\t\t<\/div>\n\t\t\t\t<\/div>\n\t\t\t\t<\/div>\n\t\t\t\t<div class=\"elementor-element elementor-element-b49afa2 elementor-widget__width-initial elementor-absolute elementor-widget elementor-widget-button\" data-id=\"b49afa2\" data-element_type=\"widget\" data-settings=\"{&quot;_position&quot;:&quot;absolute&quot;}\" data-widget_type=\"button.default\">\n\t\t\t\t<div class=\"elementor-widget-container\">\n\t\t\t\t\t<div class=\"elementor-button-wrapper\">\n\t\t\t<a href=\"https:\/\/docs.google.com\/forms\/d\/e\/1FAIpQLSd6esb0lytbdj10YqsPtlJs_BR24na9dVblgUJAl5TJuYdS1A\/viewform\" class=\"elementor-button-link elementor-button elementor-size-sm\" role=\"button\">\n\t\t\t\t\t\t<span class=\"elementor-button-content-wrapper\">\n\t\t\t\t\t\t<span class=\"elementor-button-text\">PR\u00c9-INSCRI\u00c7\u00c3O<\/span>\n\t\t<\/span>\n\t\t\t\t\t<\/a>\n\t\t<\/div>\n\t\t\t\t<\/div>\n\t\t\t\t<\/div>\n\t\t\t\t\t<\/div>\n\t\t<\/div>\n\t\t\t\t\t\t\t<\/div>\n\t\t<\/section>\n\t\t\t\t<section class=\"elementor-section elementor-top-section elementor-element elementor-element-69d4677f elementor-section-boxed elementor-section-height-default elementor-section-height-default\" data-id=\"69d4677f\" data-element_type=\"section\">\n\t\t\t\t\t\t<div class=\"elementor-container elementor-column-gap-default\">\n\t\t\t\t\t<div class=\"elementor-column elementor-col-50 elementor-top-column elementor-element elementor-element-69f0761\" data-id=\"69f0761\" data-element_type=\"column\">\n\t\t\t<div class=\"elementor-widget-wrap elementor-element-populated\">\n\t\t\t\t\t\t\t\t<div class=\"elementor-element elementor-element-242521f1 elementor-widget elementor-widget-image\" data-id=\"242521f1\" data-element_type=\"widget\" data-widget_type=\"image.default\">\n\t\t\t\t<div class=\"elementor-widget-container\">\n\t\t\t\t\t<div class=\"elementor-image\">\n\t\t\t\t\t\t\t\t\t\t<img width=\"300\" height=\"61\" src=\"https:\/\/profissionais.aecister.pt\/wp-content\/uploads\/2021\/02\/POCH_PT2020_FSE_Bom-1-300x61.png\" class=\"attachment-medium size-medium\" alt=\"\" loading=\"lazy\" srcset=\"https:\/\/profissionais.aecister.pt\/wp-content\/uploads\/2021\/02\/POCH_PT2020_FSE_Bom-1-300x61.png 300w, https:\/\/profissionais.aecister.pt\/wp-content\/uploads\/2021\/02\/POCH_PT2020_FSE_Bom-1-1024x208.png 1024w, https:\/\/profissionais.aecister.pt\/wp-content\/uploads\/2021\/02\/POCH_PT2020_FSE_Bom-1-768x156.png 768w, https:\/\/profissionais.aecister.pt\/wp-content\/uploads\/2021\/02\/POCH_PT2020_FSE_Bom-1-1536x311.png 1536w, https:\/\/profissionais.aecister.pt\/wp-content\/uploads\/2021\/02\/POCH_PT2020_FSE_Bom-1-2048x415.png 2048w\" sizes=\"(max-width: 300px) 100vw, 300px\" \/>\t\t\t\t\t\t\t\t\t\t\t<\/div>\n\t\t\t\t<\/div>\n\t\t\t\t<\/div>\n\t\t\t\t\t<\/div>\n\t\t<\/div>\n\t\t\t\t<div class=\"elementor-column elementor-col-50 elementor-top-column elementor-element elementor-element-5579c8e\" data-id=\"5579c8e\" data-element_type=\"column\">\n\t\t\t<div class=\"elementor-widget-wrap elementor-element-populated\">\n\t\t\t\t\t\t\t\t<div class=\"elementor-element elementor-element-6b91ea24 elementor-widget elementor-widget-image\" data-id=\"6b91ea24\" data-element_type=\"widget\" data-widget_type=\"image.default\">\n\t\t\t\t<div class=\"elementor-widget-container\">\n\t\t\t\t\t<div class=\"elementor-image\">\n\t\t\t\t\t\t\t\t\t\t<img width=\"300\" height=\"117\" src=\"https:\/\/profissionais.aecister.pt\/wp-content\/uploads\/2021\/02\/Logo-Republica-Portuguesa-Educacao-Vertical-300x117.jpg\" class=\"attachment-medium size-medium\" alt=\"\" loading=\"lazy\" srcset=\"https:\/\/profissionais.aecister.pt\/wp-content\/uploads\/2021\/02\/Logo-Republica-Portuguesa-Educacao-Vertical-300x117.jpg 300w, https:\/\/profissionais.aecister.pt\/wp-content\/uploads\/2021\/02\/Logo-Republica-Portuguesa-Educacao-Vertical.jpg 454w\" sizes=\"(max-width: 300px) 100vw, 300px\" \/>\t\t\t\t\t\t\t\t\t\t\t<\/div>\n\t\t\t\t<\/div>\n\t\t\t\t<\/div>\n\t\t\t\t\t<\/div>\n\t\t<\/div>\n\t\t\t\t\t\t\t<\/div>\n\t\t<\/section>\n\t\t\t\t\t\t<\/div>\n\t\t\t\t\t<\/div>\n\t\t","protected":false},"excerpt":{"rendered":"<p>plano de estudos aptid\u00f5es Conhecer e desenvolver produtos multim\u00e9dia interativos; Captar, digitalizar e tratar imagens, som e texto; Editar conte\u00fados com vista \u00e0 cria\u00e7\u00e3o de solu\u00e7\u00f5es de comunica\u00e7\u00e3o; Integrar conte\u00fados utilizando ferramentas de autor; Programar aplica\u00e7\u00f5es multim\u00e9dia; Animar objetos para aplica\u00e7\u00f5es multim\u00e9dia; Desenhar conte\u00fados multim\u00e9dia. sa\u00eddas profissionais Fot\u00f3grafo \/ Vide\u00f3grafo Designer Gr\u00e1fico Web Designer Criador &hellip;<\/p>\n<p class=\"read-more\"> <a class=\"\" href=\"https:\/\/profissionais.aecister.pt\/index.php\/multimedia\/\"> <span class=\"screen-reader-text\">MULT<\/span> Read More &raquo;<\/a><\/p>\n","protected":false},"author":1,"featured_media":0,"parent":0,"menu_order":0,"comment_status":"closed","ping_status":"closed","template":"","meta":[],"yoast_head":"<!-- This site is optimized with the Yoast SEO plugin v15.8 - https:\/\/yoast.com\/wordpress\/plugins\/seo\/ -->\n<title>MULT - Cursos Profissionais<\/title>\n<meta name=\"robots\" content=\"index, follow, max-snippet:-1, max-image-preview:large, max-video-preview:-1\" \/>\n<link rel=\"canonical\" href=\"https:\/\/profissionais.aecister.pt\/index.php\/multimedia\/\" \/>\n<meta property=\"og:locale\" content=\"pt_PT\" \/>\n<meta property=\"og:type\" content=\"article\" \/>\n<meta property=\"og:title\" content=\"MULT - Cursos Profissionais\" \/>\n<meta property=\"og:description\" content=\"plano de estudos aptid\u00f5es Conhecer e desenvolver produtos multim\u00e9dia interativos; Captar, digitalizar e tratar imagens, som e texto; Editar conte\u00fados com vista \u00e0 cria\u00e7\u00e3o de solu\u00e7\u00f5es de comunica\u00e7\u00e3o; Integrar conte\u00fados utilizando ferramentas de autor; Programar aplica\u00e7\u00f5es multim\u00e9dia; Animar objetos para aplica\u00e7\u00f5es multim\u00e9dia; Desenhar conte\u00fados multim\u00e9dia. sa\u00eddas profissionais Fot\u00f3grafo \/ Vide\u00f3grafo Designer Gr\u00e1fico Web Designer Criador &hellip; MULT Read More &raquo;\" \/>\n<meta property=\"og:url\" content=\"https:\/\/profissionais.aecister.pt\/index.php\/multimedia\/\" \/>\n<meta property=\"og:site_name\" content=\"Cursos Profissionais\" \/>\n<meta property=\"article:modified_time\" content=\"2024-02-27T12:34:10+00:00\" \/>\n<meta property=\"og:image\" content=\"https:\/\/profissionais.aecister.pt\/wp-content\/uploads\/2021\/02\/mult.png\" \/>\n<meta name=\"twitter:card\" content=\"summary_large_image\" \/>\n<meta name=\"twitter:label1\" content=\"Est. reading time\">\n\t<meta name=\"twitter:data1\" content=\"2 minutos\">\n<script type=\"application\/ld+json\" class=\"yoast-schema-graph\">{\"@context\":\"https:\/\/schema.org\",\"@graph\":[{\"@type\":\"WebSite\",\"@id\":\"https:\/\/profissionais.aecister.pt\/#website\",\"url\":\"https:\/\/profissionais.aecister.pt\/\",\"name\":\"Cursos Profissionais\",\"description\":\"Oferta Formativa\",\"potentialAction\":[{\"@type\":\"SearchAction\",\"target\":\"https:\/\/profissionais.aecister.pt\/?s={search_term_string}\",\"query-input\":\"required name=search_term_string\"}],\"inLanguage\":\"pt-PT\"},{\"@type\":\"ImageObject\",\"@id\":\"https:\/\/profissionais.aecister.pt\/index.php\/multimedia\/#primaryimage\",\"inLanguage\":\"pt-PT\",\"url\":\"https:\/\/profissionais.aecister.pt\/wp-content\/uploads\/2021\/02\/mult.png\",\"width\":821,\"height\":632},{\"@type\":\"WebPage\",\"@id\":\"https:\/\/profissionais.aecister.pt\/index.php\/multimedia\/#webpage\",\"url\":\"https:\/\/profissionais.aecister.pt\/index.php\/multimedia\/\",\"name\":\"MULT - Cursos Profissionais\",\"isPartOf\":{\"@id\":\"https:\/\/profissionais.aecister.pt\/#website\"},\"primaryImageOfPage\":{\"@id\":\"https:\/\/profissionais.aecister.pt\/index.php\/multimedia\/#primaryimage\"},\"datePublished\":\"2021-02-18T01:21:56+00:00\",\"dateModified\":\"2024-02-27T12:34:10+00:00\",\"breadcrumb\":{\"@id\":\"https:\/\/profissionais.aecister.pt\/index.php\/multimedia\/#breadcrumb\"},\"inLanguage\":\"pt-PT\",\"potentialAction\":[{\"@type\":\"ReadAction\",\"target\":[\"https:\/\/profissionais.aecister.pt\/index.php\/multimedia\/\"]}]},{\"@type\":\"BreadcrumbList\",\"@id\":\"https:\/\/profissionais.aecister.pt\/index.php\/multimedia\/#breadcrumb\",\"itemListElement\":[{\"@type\":\"ListItem\",\"position\":1,\"item\":{\"@type\":\"WebPage\",\"@id\":\"https:\/\/profissionais.aecister.pt\/\",\"url\":\"https:\/\/profissionais.aecister.pt\/\",\"name\":\"Home\"}},{\"@type\":\"ListItem\",\"position\":2,\"item\":{\"@type\":\"WebPage\",\"@id\":\"https:\/\/profissionais.aecister.pt\/index.php\/multimedia\/\",\"url\":\"https:\/\/profissionais.aecister.pt\/index.php\/multimedia\/\",\"name\":\"MULT\"}}]}]}<\/script>\n<!-- \/ Yoast SEO plugin. -->","_links":{"self":[{"href":"https:\/\/profissionais.aecister.pt\/index.php\/wp-json\/wp\/v2\/pages\/25115"}],"collection":[{"href":"https:\/\/profissionais.aecister.pt\/index.php\/wp-json\/wp\/v2\/pages"}],"about":[{"href":"https:\/\/profissionais.aecister.pt\/index.php\/wp-json\/wp\/v2\/types\/page"}],"author":[{"embeddable":true,"href":"https:\/\/profissionais.aecister.pt\/index.php\/wp-json\/wp\/v2\/users\/1"}],"replies":[{"embeddable":true,"href":"https:\/\/profissionais.aecister.pt\/index.php\/wp-json\/wp\/v2\/comments?post=25115"}],"version-history":[{"count":13,"href":"https:\/\/profissionais.aecister.pt\/index.php\/wp-json\/wp\/v2\/pages\/25115\/revisions"}],"predecessor-version":[{"id":25441,"href":"https:\/\/profissionais.aecister.pt\/index.php\/wp-json\/wp\/v2\/pages\/25115\/revisions\/25441"}],"wp:attachment":[{"href":"https:\/\/profissionais.aecister.pt\/index.php\/wp-json\/wp\/v2\/media?parent=25115"}],"curies":[{"name":"wp","href":"https:\/\/api.w.org\/{rel}","templated":true}]}}