{"id":25142,"date":"2021-02-18T01:34:27","date_gmt":"2021-02-18T01:34:27","guid":{"rendered":"https:\/\/profissionais.aecister.pt\/?page_id=25142"},"modified":"2024-04-08T18:39:31","modified_gmt":"2024-04-08T18:39:31","slug":"comercio","status":"publish","type":"page","link":"https:\/\/profissionais.aecister.pt\/index.php\/comercio\/","title":{"rendered":"TIS"},"content":{"rendered":"\t\t<div data-elementor-type=\"wp-page\" data-elementor-id=\"25142\" class=\"elementor elementor-25142\" data-elementor-settings=\"[]\">\n\t\t\t\t\t\t\t<div class=\"elementor-section-wrap\">\n\t\t\t\t\t\t\t<section class=\"elementor-section elementor-top-section elementor-element elementor-element-d9edebf elementor-section-boxed elementor-section-height-default elementor-section-height-default\" data-id=\"d9edebf\" data-element_type=\"section\">\n\t\t\t\t\t\t<div class=\"elementor-container elementor-column-gap-default\">\n\t\t\t\t\t<div class=\"elementor-column elementor-col-100 elementor-top-column elementor-element elementor-element-8778b82\" data-id=\"8778b82\" data-element_type=\"column\">\n\t\t\t<div class=\"elementor-widget-wrap elementor-element-populated\">\n\t\t\t\t\t\t\t\t<div class=\"elementor-element elementor-element-b829d7c elementor-widget elementor-widget-heading\" data-id=\"b829d7c\" data-element_type=\"widget\" data-widget_type=\"heading.default\">\n\t\t\t\t<div class=\"elementor-widget-container\">\n\t\t\t<h2 class=\"elementor-heading-title elementor-size-default\">plano curricular<\/h2>\t\t<\/div>\n\t\t\t\t<\/div>\n\t\t\t\t<div class=\"elementor-element elementor-element-92f3295 elementor-widget elementor-widget-image\" data-id=\"92f3295\" data-element_type=\"widget\" data-widget_type=\"image.default\">\n\t\t\t\t<div class=\"elementor-widget-container\">\n\t\t\t\t\t<div class=\"elementor-image\">\n\t\t\t\t\t\t\t\t\t\t<img width=\"906\" height=\"707\" src=\"https:\/\/profissionais.aecister.pt\/wp-content\/uploads\/2021\/02\/gpsi-1.png\" class=\"attachment-large size-large\" alt=\"\" loading=\"lazy\" srcset=\"https:\/\/profissionais.aecister.pt\/wp-content\/uploads\/2021\/02\/gpsi-1.png 906w, https:\/\/profissionais.aecister.pt\/wp-content\/uploads\/2021\/02\/gpsi-1-300x234.png 300w, https:\/\/profissionais.aecister.pt\/wp-content\/uploads\/2021\/02\/gpsi-1-768x599.png 768w\" sizes=\"(max-width: 906px) 100vw, 906px\" \/>\t\t\t\t\t\t\t\t\t\t\t<\/div>\n\t\t\t\t<\/div>\n\t\t\t\t<\/div>\n\t\t\t\t<div class=\"elementor-element elementor-element-8be90b4 elementor-widget elementor-widget-heading\" data-id=\"8be90b4\" data-element_type=\"widget\" data-widget_type=\"heading.default\">\n\t\t\t\t<div class=\"elementor-widget-container\">\n\t\t\t<h2 class=\"elementor-heading-title elementor-size-default\">aptid\u00f5es<\/h2>\t\t<\/div>\n\t\t\t\t<\/div>\n\t\t\t\t<div class=\"elementor-element elementor-element-f8959bc elementor-widget elementor-widget-text-editor\" data-id=\"f8959bc\" data-element_type=\"widget\" data-widget_type=\"text-editor.default\">\n\t\t\t\t<div class=\"elementor-widget-container\">\n\t\t\t\t\t<div class=\"elementor-text-editor elementor-clearfix\"><ul style=\"font-size: 16px; font-style: normal; font-weight: 400; margin-top: 1.5em; margin-left: 0px; padding-left: 1.25em; color: #333333; font-family: Oxygen, arial, helvetica, sans-serif;\"><li style=\"line-height: 20px;\">Instalar, configurar e efetuar a manuten\u00e7\u00e3o de computadores isolados ou inseridos numa rede local;<\/li><li style=\"line-height: 20px;\">Instalar, configurar e efetuar a manuten\u00e7\u00e3o de perif\u00e9ricos de computadores ou de uma rede local;<\/li><li style=\"line-height: 20px;\">Instalar, configurar e efetuar a manuten\u00e7\u00e3o de estruturas e equipamentos de redes locais;<\/li><li style=\"line-height: 20px;\">Instalar, configurar e efetuar a manuten\u00e7\u00e3o de sistemas operativos de clientes e de servidores;<\/li><li style=\"line-height: 20px;\">Implementar e efetuar a manuten\u00e7\u00e3o de politicas de seguran\u00e7a em sistemas inform\u00e1ticos;<\/li><li style=\"line-height: 20px;\">Instalar, configurar e efetuar a manuten\u00e7\u00e3o de aplica\u00e7\u00f5es inform\u00e1ticas;<\/li><li style=\"line-height: 20px;\">Efetuar a an\u00e1lise de sistemas de informa\u00e7\u00e3o;<\/li><li style=\"line-height: 20px;\">Conceber algoritmos atrav\u00e9s da divis\u00e3o dos problemas em componentes;<\/li><li style=\"line-height: 20px;\">Desenvolver, distribuir, instalar e efetuar a manuten\u00e7\u00e3o de aplica\u00e7\u00f5es inform\u00e1ticas, utilizando ambientes e linguagens de programa\u00e7\u00e3o procedimentais e visuais;<\/li><li style=\"line-height: 20px;\">Conceber, implementar e efetuar a manuten\u00e7\u00e3o de bases de dados;<\/li><li style=\"line-height: 20px;\">Manipular dados retirados de bases de dados;<\/li><li style=\"line-height: 20px;\">Instalar, configurar e efetuar a manuten\u00e7\u00e3o de servidores para a internet;<\/li><li style=\"line-height: 20px;\">Planificar, executar e efetuar a manuten\u00e7\u00e3o de p\u00e1ginas e s\u00edtios na Internet;<\/li><li style=\"line-height: 20px;\">Desenvolver, instalar e efetuar a manuten\u00e7\u00e3o de sistemas de informa\u00e7\u00e3o baseados nas tecnologias\u00a0<em style=\"color: #719bb0;\">Web<\/em>.<\/li><\/ul><\/div>\n\t\t\t\t<\/div>\n\t\t\t\t<\/div>\n\t\t\t\t<div class=\"elementor-element elementor-element-9ac14fd elementor-widget elementor-widget-heading\" data-id=\"9ac14fd\" data-element_type=\"widget\" data-widget_type=\"heading.default\">\n\t\t\t\t<div class=\"elementor-widget-container\">\n\t\t\t<h2 class=\"elementor-heading-title elementor-size-default\">sa\u00eddas profissionais<\/h2>\t\t<\/div>\n\t\t\t\t<\/div>\n\t\t\t\t<div class=\"elementor-element elementor-element-562ed86 elementor-widget elementor-widget-text-editor\" data-id=\"562ed86\" data-element_type=\"widget\" data-widget_type=\"text-editor.default\">\n\t\t\t\t<div class=\"elementor-widget-container\">\n\t\t\t\t\t<div class=\"elementor-text-editor elementor-clearfix\"><ul style=\"font-size: 16px; font-style: normal; font-weight: 400; margin-top: 1.5em; margin-left: 0px; padding-left: 1.25em; color: #333333; font-family: Oxygen, arial, helvetica, sans-serif;\"><li style=\"line-height: 20px;\">Analista de sistemas<\/li><li style=\"line-height: 20px;\">Programador<\/li><li style=\"line-height: 20px;\">T\u00e9cnico de redes<\/li><li style=\"line-height: 20px;\">T\u00e9cnico de software e hardware<\/li><li style=\"line-height: 20px;\">Administrador de sistemas e de redes<\/li><li style=\"line-height: 20px;\">Gestor de sistemas inform\u00e1ticos<\/li><li style=\"line-height: 20px;\">Web designer<\/li><\/ul><\/div>\n\t\t\t\t<\/div>\n\t\t\t\t<\/div>\n\t\t\t\t<div class=\"elementor-element elementor-element-a6d1dfd elementor-widget elementor-widget-heading\" data-id=\"a6d1dfd\" data-element_type=\"widget\" data-widget_type=\"heading.default\">\n\t\t\t\t<div class=\"elementor-widget-container\">\n\t\t\t<h2 class=\"elementor-heading-title elementor-size-default\">TESTEMUNHOS<\/h2>\t\t<\/div>\n\t\t\t\t<\/div>\n\t\t\t\t<div class=\"elementor-element elementor-element-c9420e9 elementor-widget__width-initial elementor-widget elementor-widget-text-editor\" data-id=\"c9420e9\" data-element_type=\"widget\" data-widget_type=\"text-editor.default\">\n\t\t\t\t<div class=\"elementor-widget-container\">\n\t\t\t\t\t<div class=\"elementor-text-editor elementor-clearfix\"><p>No curso TGPSI as atividades s\u00e3o muito pr\u00e1ticas e aprendo muito sobre&nbsp; a montagem de computadores, redes e sistemas operativos.<\/p><\/div>\n\t\t\t\t<\/div>\n\t\t\t\t<\/div>\n\t\t\t\t\t<\/div>\n\t\t<\/div>\n\t\t\t\t\t\t\t<\/div>\n\t\t<\/section>\n\t\t\t\t<section class=\"elementor-section elementor-top-section elementor-element elementor-element-66b82fab elementor-section-boxed elementor-section-height-default elementor-section-height-default\" data-id=\"66b82fab\" data-element_type=\"section\">\n\t\t\t\t\t\t<div class=\"elementor-container elementor-column-gap-default\">\n\t\t\t\t\t<div class=\"elementor-column elementor-col-100 elementor-top-column elementor-element elementor-element-569c3fad\" data-id=\"569c3fad\" data-element_type=\"column\">\n\t\t\t<div class=\"elementor-widget-wrap elementor-element-populated\">\n\t\t\t\t\t\t\t\t<div class=\"elementor-element elementor-element-3b6c3da elementor-absolute elementor-widget elementor-widget-button\" data-id=\"3b6c3da\" data-element_type=\"widget\" data-settings=\"{&quot;_position&quot;:&quot;absolute&quot;}\" data-widget_type=\"button.default\">\n\t\t\t\t<div class=\"elementor-widget-container\">\n\t\t\t\t\t<div class=\"elementor-button-wrapper\">\n\t\t\t<a href=\"https:\/\/docs.google.com\/forms\/d\/e\/1FAIpQLSd6esb0lytbdj10YqsPtlJs_BR24na9dVblgUJAl5TJuYdS1A\/viewform\" class=\"elementor-button-link elementor-button elementor-size-sm\" role=\"button\">\n\t\t\t\t\t\t<span class=\"elementor-button-content-wrapper\">\n\t\t\t\t\t\t<span class=\"elementor-button-text\">PR\u00c9-INSCRI\u00c7\u00c3O<\/span>\n\t\t<\/span>\n\t\t\t\t\t<\/a>\n\t\t<\/div>\n\t\t\t\t<\/div>\n\t\t\t\t<\/div>\n\t\t\t\t<div class=\"elementor-element elementor-element-21693d84 elementor-widget elementor-widget-spacer\" data-id=\"21693d84\" data-element_type=\"widget\" data-widget_type=\"spacer.default\">\n\t\t\t\t<div class=\"elementor-widget-container\">\n\t\t\t\t\t<div class=\"elementor-spacer\">\n\t\t\t<div class=\"elementor-spacer-inner\"><\/div>\n\t\t<\/div>\n\t\t\t\t<\/div>\n\t\t\t\t<\/div>\n\t\t\t\t\t<\/div>\n\t\t<\/div>\n\t\t\t\t\t\t\t<\/div>\n\t\t<\/section>\n\t\t\t\t<section class=\"elementor-section elementor-top-section elementor-element elementor-element-2718fc00 elementor-section-boxed elementor-section-height-default elementor-section-height-default\" data-id=\"2718fc00\" data-element_type=\"section\">\n\t\t\t\t\t\t<div class=\"elementor-container elementor-column-gap-default\">\n\t\t\t\t\t<div class=\"elementor-column elementor-col-50 elementor-top-column elementor-element elementor-element-6430728d\" data-id=\"6430728d\" data-element_type=\"column\">\n\t\t\t<div class=\"elementor-widget-wrap elementor-element-populated\">\n\t\t\t\t\t\t\t\t<div class=\"elementor-element elementor-element-53ab60f1 elementor-widget elementor-widget-image\" data-id=\"53ab60f1\" data-element_type=\"widget\" data-widget_type=\"image.default\">\n\t\t\t\t<div class=\"elementor-widget-container\">\n\t\t\t\t\t<div class=\"elementor-image\">\n\t\t\t\t\t\t\t\t\t\t<img width=\"300\" height=\"26\" src=\"https:\/\/profissionais.aecister.pt\/wp-content\/uploads\/2024\/04\/pessoas2030-300x26.png\" class=\"attachment-medium size-medium\" alt=\"\" loading=\"lazy\" srcset=\"https:\/\/profissionais.aecister.pt\/wp-content\/uploads\/2024\/04\/pessoas2030-300x26.png 300w, https:\/\/profissionais.aecister.pt\/wp-content\/uploads\/2024\/04\/pessoas2030-1024x89.png 1024w, https:\/\/profissionais.aecister.pt\/wp-content\/uploads\/2024\/04\/pessoas2030-768x67.png 768w, https:\/\/profissionais.aecister.pt\/wp-content\/uploads\/2024\/04\/pessoas2030-1536x133.png 1536w, https:\/\/profissionais.aecister.pt\/wp-content\/uploads\/2024\/04\/pessoas2030.png 1832w\" sizes=\"(max-width: 300px) 100vw, 300px\" \/>\t\t\t\t\t\t\t\t\t\t\t<\/div>\n\t\t\t\t<\/div>\n\t\t\t\t<\/div>\n\t\t\t\t\t<\/div>\n\t\t<\/div>\n\t\t\t\t<div class=\"elementor-column elementor-col-50 elementor-top-column elementor-element elementor-element-f2e658f\" data-id=\"f2e658f\" data-element_type=\"column\">\n\t\t\t<div class=\"elementor-widget-wrap elementor-element-populated\">\n\t\t\t\t\t\t\t\t<div class=\"elementor-element elementor-element-7d64732f elementor-widget elementor-widget-image\" data-id=\"7d64732f\" data-element_type=\"widget\" data-widget_type=\"image.default\">\n\t\t\t\t<div class=\"elementor-widget-container\">\n\t\t\t\t\t<div class=\"elementor-image\">\n\t\t\t\t\t\t\t\t\t\t<img width=\"300\" height=\"142\" src=\"https:\/\/profissionais.aecister.pt\/wp-content\/uploads\/2024\/04\/RP_Edu_2024-1-300x142.png\" class=\"attachment-medium size-medium\" alt=\"\" loading=\"lazy\" srcset=\"https:\/\/profissionais.aecister.pt\/wp-content\/uploads\/2024\/04\/RP_Edu_2024-1-300x142.png 300w, https:\/\/profissionais.aecister.pt\/wp-content\/uploads\/2024\/04\/RP_Edu_2024-1-1024x484.png 1024w, https:\/\/profissionais.aecister.pt\/wp-content\/uploads\/2024\/04\/RP_Edu_2024-1-768x363.png 768w, https:\/\/profissionais.aecister.pt\/wp-content\/uploads\/2024\/04\/RP_Edu_2024-1-1536x726.png 1536w, https:\/\/profissionais.aecister.pt\/wp-content\/uploads\/2024\/04\/RP_Edu_2024-1-2048x968.png 2048w\" sizes=\"(max-width: 300px) 100vw, 300px\" \/>\t\t\t\t\t\t\t\t\t\t\t<\/div>\n\t\t\t\t<\/div>\n\t\t\t\t<\/div>\n\t\t\t\t\t<\/div>\n\t\t<\/div>\n\t\t\t\t\t\t\t<\/div>\n\t\t<\/section>\n\t\t\t\t\t\t<\/div>\n\t\t\t\t\t<\/div>\n\t\t","protected":false},"excerpt":{"rendered":"<p>plano curricular aptid\u00f5es Instalar, configurar e efetuar a manuten\u00e7\u00e3o de computadores isolados ou inseridos numa rede local; Instalar, configurar e efetuar a manuten\u00e7\u00e3o de perif\u00e9ricos de computadores ou de uma rede local; Instalar, configurar e efetuar a manuten\u00e7\u00e3o de estruturas e equipamentos de redes locais; Instalar, configurar e efetuar a manuten\u00e7\u00e3o de sistemas operativos de &hellip;<\/p>\n<p class=\"read-more\"> <a class=\"\" href=\"https:\/\/profissionais.aecister.pt\/index.php\/comercio\/\"> <span class=\"screen-reader-text\">TIS<\/span> Read More &raquo;<\/a><\/p>\n","protected":false},"author":1,"featured_media":0,"parent":0,"menu_order":0,"comment_status":"closed","ping_status":"closed","template":"","meta":[],"yoast_head":"<!-- This site is optimized with the Yoast SEO plugin v15.8 - https:\/\/yoast.com\/wordpress\/plugins\/seo\/ -->\n<title>TIS - Cursos Profissionais<\/title>\n<meta name=\"robots\" content=\"index, follow, max-snippet:-1, max-image-preview:large, max-video-preview:-1\" \/>\n<link rel=\"canonical\" href=\"https:\/\/profissionais.aecister.pt\/index.php\/comercio\/\" \/>\n<meta property=\"og:locale\" content=\"pt_PT\" \/>\n<meta property=\"og:type\" content=\"article\" \/>\n<meta property=\"og:title\" content=\"TIS - Cursos Profissionais\" \/>\n<meta property=\"og:description\" content=\"plano curricular aptid\u00f5es Instalar, configurar e efetuar a manuten\u00e7\u00e3o de computadores isolados ou inseridos numa rede local; Instalar, configurar e efetuar a manuten\u00e7\u00e3o de perif\u00e9ricos de computadores ou de uma rede local; Instalar, configurar e efetuar a manuten\u00e7\u00e3o de estruturas e equipamentos de redes locais; Instalar, configurar e efetuar a manuten\u00e7\u00e3o de sistemas operativos de &hellip; TIS Read More &raquo;\" \/>\n<meta property=\"og:url\" content=\"https:\/\/profissionais.aecister.pt\/index.php\/comercio\/\" \/>\n<meta property=\"og:site_name\" content=\"Cursos Profissionais\" \/>\n<meta property=\"article:modified_time\" content=\"2024-04-08T18:39:31+00:00\" \/>\n<meta property=\"og:image\" content=\"https:\/\/profissionais.aecister.pt\/wp-content\/uploads\/2021\/02\/gpsi-1.png\" \/>\n<meta name=\"twitter:card\" content=\"summary_large_image\" \/>\n<meta name=\"twitter:label1\" content=\"Est. reading time\">\n\t<meta name=\"twitter:data1\" content=\"2 minutos\">\n<script type=\"application\/ld+json\" class=\"yoast-schema-graph\">{\"@context\":\"https:\/\/schema.org\",\"@graph\":[{\"@type\":\"WebSite\",\"@id\":\"https:\/\/profissionais.aecister.pt\/#website\",\"url\":\"https:\/\/profissionais.aecister.pt\/\",\"name\":\"Cursos Profissionais\",\"description\":\"Oferta Formativa\",\"potentialAction\":[{\"@type\":\"SearchAction\",\"target\":\"https:\/\/profissionais.aecister.pt\/?s={search_term_string}\",\"query-input\":\"required name=search_term_string\"}],\"inLanguage\":\"pt-PT\"},{\"@type\":\"ImageObject\",\"@id\":\"https:\/\/profissionais.aecister.pt\/index.php\/comercio\/#primaryimage\",\"inLanguage\":\"pt-PT\",\"url\":\"https:\/\/profissionais.aecister.pt\/wp-content\/uploads\/2021\/02\/gpsi-1.png\",\"width\":906,\"height\":707},{\"@type\":\"WebPage\",\"@id\":\"https:\/\/profissionais.aecister.pt\/index.php\/comercio\/#webpage\",\"url\":\"https:\/\/profissionais.aecister.pt\/index.php\/comercio\/\",\"name\":\"TIS - Cursos Profissionais\",\"isPartOf\":{\"@id\":\"https:\/\/profissionais.aecister.pt\/#website\"},\"primaryImageOfPage\":{\"@id\":\"https:\/\/profissionais.aecister.pt\/index.php\/comercio\/#primaryimage\"},\"datePublished\":\"2021-02-18T01:34:27+00:00\",\"dateModified\":\"2024-04-08T18:39:31+00:00\",\"breadcrumb\":{\"@id\":\"https:\/\/profissionais.aecister.pt\/index.php\/comercio\/#breadcrumb\"},\"inLanguage\":\"pt-PT\",\"potentialAction\":[{\"@type\":\"ReadAction\",\"target\":[\"https:\/\/profissionais.aecister.pt\/index.php\/comercio\/\"]}]},{\"@type\":\"BreadcrumbList\",\"@id\":\"https:\/\/profissionais.aecister.pt\/index.php\/comercio\/#breadcrumb\",\"itemListElement\":[{\"@type\":\"ListItem\",\"position\":1,\"item\":{\"@type\":\"WebPage\",\"@id\":\"https:\/\/profissionais.aecister.pt\/\",\"url\":\"https:\/\/profissionais.aecister.pt\/\",\"name\":\"Home\"}},{\"@type\":\"ListItem\",\"position\":2,\"item\":{\"@type\":\"WebPage\",\"@id\":\"https:\/\/profissionais.aecister.pt\/index.php\/comercio\/\",\"url\":\"https:\/\/profissionais.aecister.pt\/index.php\/comercio\/\",\"name\":\"TIS\"}}]}]}<\/script>\n<!-- \/ Yoast SEO plugin. -->","_links":{"self":[{"href":"https:\/\/profissionais.aecister.pt\/index.php\/wp-json\/wp\/v2\/pages\/25142"}],"collection":[{"href":"https:\/\/profissionais.aecister.pt\/index.php\/wp-json\/wp\/v2\/pages"}],"about":[{"href":"https:\/\/profissionais.aecister.pt\/index.php\/wp-json\/wp\/v2\/types\/page"}],"author":[{"embeddable":true,"href":"https:\/\/profissionais.aecister.pt\/index.php\/wp-json\/wp\/v2\/users\/1"}],"replies":[{"embeddable":true,"href":"https:\/\/profissionais.aecister.pt\/index.php\/wp-json\/wp\/v2\/comments?post=25142"}],"version-history":[{"count":21,"href":"https:\/\/profissionais.aecister.pt\/index.php\/wp-json\/wp\/v2\/pages\/25142\/revisions"}],"predecessor-version":[{"id":25539,"href":"https:\/\/profissionais.aecister.pt\/index.php\/wp-json\/wp\/v2\/pages\/25142\/revisions\/25539"}],"wp:attachment":[{"href":"https:\/\/profissionais.aecister.pt\/index.php\/wp-json\/wp\/v2\/media?parent=25142"}],"curies":[{"name":"wp","href":"https:\/\/api.w.org\/{rel}","templated":true}]}}