{"id":25371,"date":"2024-02-26T08:46:41","date_gmt":"2024-02-26T08:46:41","guid":{"rendered":"https:\/\/profissionais.aecister.pt\/?page_id=25371"},"modified":"2024-04-08T18:43:03","modified_gmt":"2024-04-08T18:43:03","slug":"sobretoe","status":"publish","type":"page","link":"https:\/\/profissionais.aecister.pt\/index.php\/sobretoe\/","title":{"rendered":"TAE"},"content":{"rendered":"\t\t<div data-elementor-type=\"wp-page\" data-elementor-id=\"25371\" class=\"elementor elementor-25371\" data-elementor-settings=\"[]\">\n\t\t\t\t\t\t\t<div class=\"elementor-section-wrap\">\n\t\t\t\t\t\t\t<section class=\"elementor-section elementor-top-section elementor-element elementor-element-51ac4c2 elementor-section-boxed elementor-section-height-default elementor-section-height-default\" data-id=\"51ac4c2\" data-element_type=\"section\">\n\t\t\t\t\t\t<div class=\"elementor-container elementor-column-gap-default\">\n\t\t\t\t\t<div class=\"elementor-column elementor-col-100 elementor-top-column elementor-element elementor-element-877d39f\" data-id=\"877d39f\" data-element_type=\"column\">\n\t\t\t<div class=\"elementor-widget-wrap elementor-element-populated\">\n\t\t\t\t\t\t\t\t<div class=\"elementor-element elementor-element-d7d91c0 elementor-widget elementor-widget-heading\" data-id=\"d7d91c0\" data-element_type=\"widget\" data-widget_type=\"heading.default\">\n\t\t\t\t<div class=\"elementor-widget-container\">\n\t\t\t<h2 class=\"elementor-heading-title elementor-size-default\">Plano de estudos<\/h2>\t\t<\/div>\n\t\t\t\t<\/div>\n\t\t\t\t\t<\/div>\n\t\t<\/div>\n\t\t\t\t\t\t\t<\/div>\n\t\t<\/section>\n\t\t\t\t<section class=\"elementor-section elementor-top-section elementor-element elementor-element-a4394dd elementor-section-boxed elementor-section-height-default elementor-section-height-default\" data-id=\"a4394dd\" data-element_type=\"section\">\n\t\t\t\t\t\t<div class=\"elementor-container elementor-column-gap-default\">\n\t\t\t\t\t<div class=\"elementor-column elementor-col-100 elementor-top-column elementor-element elementor-element-a8c4a29\" data-id=\"a8c4a29\" data-element_type=\"column\">\n\t\t\t<div class=\"elementor-widget-wrap elementor-element-populated\">\n\t\t\t\t\t\t\t\t<div class=\"elementor-element elementor-element-97ef133 elementor-widget elementor-widget-image\" data-id=\"97ef133\" data-element_type=\"widget\" data-widget_type=\"image.default\">\n\t\t\t\t<div class=\"elementor-widget-container\">\n\t\t\t\t\t<div class=\"elementor-image\">\n\t\t\t\t\t\t\t\t\t\t<img width=\"405\" height=\"243\" src=\"https:\/\/profissionais.aecister.pt\/wp-content\/uploads\/2024\/04\/TAE.png\" class=\"attachment-large size-large\" alt=\"\" loading=\"lazy\" srcset=\"https:\/\/profissionais.aecister.pt\/wp-content\/uploads\/2024\/04\/TAE.png 405w, https:\/\/profissionais.aecister.pt\/wp-content\/uploads\/2024\/04\/TAE-300x180.png 300w\" sizes=\"(max-width: 405px) 100vw, 405px\" \/>\t\t\t\t\t\t\t\t\t\t\t<\/div>\n\t\t\t\t<\/div>\n\t\t\t\t<\/div>\n\t\t\t\t\t<\/div>\n\t\t<\/div>\n\t\t\t\t\t\t\t<\/div>\n\t\t<\/section>\n\t\t\t\t<section class=\"elementor-section elementor-top-section elementor-element elementor-element-d79e37c elementor-section-boxed elementor-section-height-default elementor-section-height-default\" data-id=\"d79e37c\" data-element_type=\"section\">\n\t\t\t\t\t\t<div class=\"elementor-container elementor-column-gap-default\">\n\t\t\t\t\t<div class=\"elementor-column elementor-col-100 elementor-top-column elementor-element elementor-element-acffb24\" data-id=\"acffb24\" data-element_type=\"column\">\n\t\t\t<div class=\"elementor-widget-wrap elementor-element-populated\">\n\t\t\t\t\t\t\t\t<div class=\"elementor-element elementor-element-57465e5 elementor-widget elementor-widget-heading\" data-id=\"57465e5\" data-element_type=\"widget\" data-widget_type=\"heading.default\">\n\t\t\t\t<div class=\"elementor-widget-container\">\n\t\t\t<h2 class=\"elementor-heading-title elementor-size-default\">Perfil<\/h2>\t\t<\/div>\n\t\t\t\t<\/div>\n\t\t\t\t\t<\/div>\n\t\t<\/div>\n\t\t\t\t\t\t\t<\/div>\n\t\t<\/section>\n\t\t\t\t<section class=\"elementor-section elementor-top-section elementor-element elementor-element-2936efa elementor-section-boxed elementor-section-height-default elementor-section-height-default\" data-id=\"2936efa\" data-element_type=\"section\">\n\t\t\t\t\t\t<div class=\"elementor-container elementor-column-gap-default\">\n\t\t\t\t\t<div class=\"elementor-column elementor-col-100 elementor-top-column elementor-element elementor-element-117138d\" data-id=\"117138d\" data-element_type=\"column\">\n\t\t\t<div class=\"elementor-widget-wrap elementor-element-populated\">\n\t\t\t\t\t\t\t\t<div class=\"elementor-element elementor-element-bd3eb30 elementor-widget elementor-widget-text-editor\" data-id=\"bd3eb30\" data-element_type=\"widget\" data-widget_type=\"text-editor.default\">\n\t\t\t\t<div class=\"elementor-widget-container\">\n\t\t\t\t\t<div class=\"elementor-text-editor elementor-clearfix\"><p>O\/A T\u00e9cnico\/a de A\u00e7\u00e3o Educativa cuida de crian\u00e7as com idade at\u00e9 aos 6 anos, incluindo crian\u00e7as com necessidades espec\u00edficas de educa\u00e7\u00e3o, durante as suas atividades quotidianas e de tempos livres, garantindo a sua seguran\u00e7a e bem-estar e promovendo o seu desenvolvimento adequado.<\/p><\/div>\n\t\t\t\t<\/div>\n\t\t\t\t<\/div>\n\t\t\t\t\t<\/div>\n\t\t<\/div>\n\t\t\t\t\t\t\t<\/div>\n\t\t<\/section>\n\t\t\t\t<section class=\"elementor-section elementor-top-section elementor-element elementor-element-385fdf0 elementor-section-boxed elementor-section-height-default elementor-section-height-default\" data-id=\"385fdf0\" data-element_type=\"section\">\n\t\t\t\t\t\t<div class=\"elementor-container elementor-column-gap-default\">\n\t\t\t\t\t<div class=\"elementor-column elementor-col-100 elementor-top-column elementor-element elementor-element-db8b510\" data-id=\"db8b510\" data-element_type=\"column\">\n\t\t\t<div class=\"elementor-widget-wrap elementor-element-populated\">\n\t\t\t\t\t\t\t\t<div class=\"elementor-element elementor-element-c1b46b1 elementor-widget elementor-widget-heading\" data-id=\"c1b46b1\" data-element_type=\"widget\" data-widget_type=\"heading.default\">\n\t\t\t\t<div class=\"elementor-widget-container\">\n\t\t\t<h2 class=\"elementor-heading-title elementor-size-default\">Sa\u00eddas Profissionais<\/h2>\t\t<\/div>\n\t\t\t\t<\/div>\n\t\t\t\t\t<\/div>\n\t\t<\/div>\n\t\t\t\t\t\t\t<\/div>\n\t\t<\/section>\n\t\t\t\t<section class=\"elementor-section elementor-top-section elementor-element elementor-element-806270c elementor-section-boxed elementor-section-height-default elementor-section-height-default\" data-id=\"806270c\" data-element_type=\"section\">\n\t\t\t\t\t\t<div class=\"elementor-container elementor-column-gap-default\">\n\t\t\t\t\t<div class=\"elementor-column elementor-col-100 elementor-top-column elementor-element elementor-element-4d8e782\" data-id=\"4d8e782\" data-element_type=\"column\">\n\t\t\t<div class=\"elementor-widget-wrap elementor-element-populated\">\n\t\t\t\t\t\t\t\t<div class=\"elementor-element elementor-element-03c6599 elementor-widget elementor-widget-text-editor\" data-id=\"03c6599\" data-element_type=\"widget\" data-widget_type=\"text-editor.default\">\n\t\t\t\t<div class=\"elementor-widget-container\">\n\t\t\t\t\t<div class=\"elementor-text-editor elementor-clearfix\"><ul><li>Colaborar com o\/a respons\u00e1vel pelas atividades l\u00fadico-pedag\u00f3gicas no seu planeamento, organiza\u00e7\u00e3o e execu\u00e7\u00e3o, em fun\u00e7\u00e3o das tem\u00e1ticas e dos conte\u00fados a desenvolver, adaptando-os \u00e0 faixa et\u00e1ria e \u00e0s necessidades individuais das crian\u00e7as e jovens.;<\/li><li>Vigiar, acompanhar e apoiar crian\u00e7as e jovens, no desenvolvimento das atividades previstas, garantindo e promovendo a sua seguran\u00e7a em todos os momentos.<\/li><li>Cuidar de crian\u00e7as em creches, jardins-de-inf\u00e2ncia e Atividades de Tempo Livres (ATL);<\/li><li>Cuidar de crian\u00e7as com necessidades espec\u00edficas de educa\u00e7\u00e3o, colaborando na programa\u00e7\u00e3o, no desenvolvimento e no acompanhamento das suas atividades quotidianas e de tempos livres.<\/li><\/ul><\/div>\n\t\t\t\t<\/div>\n\t\t\t\t<\/div>\n\t\t\t\t\t<\/div>\n\t\t<\/div>\n\t\t\t\t\t\t\t<\/div>\n\t\t<\/section>\n\t\t\t\t<section class=\"elementor-section elementor-top-section elementor-element elementor-element-e76d664 elementor-section-boxed elementor-section-height-default elementor-section-height-default\" data-id=\"e76d664\" data-element_type=\"section\">\n\t\t\t\t\t\t<div class=\"elementor-container elementor-column-gap-default\">\n\t\t\t\t\t<div class=\"elementor-column elementor-col-50 elementor-top-column elementor-element elementor-element-75cdeaa\" data-id=\"75cdeaa\" data-element_type=\"column\">\n\t\t\t<div class=\"elementor-widget-wrap elementor-element-populated\">\n\t\t\t\t\t\t\t\t<div class=\"elementor-element elementor-element-fcc593e elementor-widget elementor-widget-image\" data-id=\"fcc593e\" data-element_type=\"widget\" data-widget_type=\"image.default\">\n\t\t\t\t<div class=\"elementor-widget-container\">\n\t\t\t\t\t<div class=\"elementor-image\">\n\t\t\t\t\t\t\t\t\t\t<img width=\"1024\" height=\"89\" src=\"https:\/\/profissionais.aecister.pt\/wp-content\/uploads\/2024\/04\/pessoas2030-1024x89.png\" class=\"attachment-large size-large\" alt=\"\" loading=\"lazy\" srcset=\"https:\/\/profissionais.aecister.pt\/wp-content\/uploads\/2024\/04\/pessoas2030-1024x89.png 1024w, https:\/\/profissionais.aecister.pt\/wp-content\/uploads\/2024\/04\/pessoas2030-300x26.png 300w, https:\/\/profissionais.aecister.pt\/wp-content\/uploads\/2024\/04\/pessoas2030-768x67.png 768w, https:\/\/profissionais.aecister.pt\/wp-content\/uploads\/2024\/04\/pessoas2030-1536x133.png 1536w, https:\/\/profissionais.aecister.pt\/wp-content\/uploads\/2024\/04\/pessoas2030.png 1832w\" sizes=\"(max-width: 1024px) 100vw, 1024px\" \/>\t\t\t\t\t\t\t\t\t\t\t<\/div>\n\t\t\t\t<\/div>\n\t\t\t\t<\/div>\n\t\t\t\t\t<\/div>\n\t\t<\/div>\n\t\t\t\t<div class=\"elementor-column elementor-col-50 elementor-top-column elementor-element elementor-element-7bb2d1d\" data-id=\"7bb2d1d\" data-element_type=\"column\">\n\t\t\t<div class=\"elementor-widget-wrap elementor-element-populated\">\n\t\t\t\t\t\t\t\t<div class=\"elementor-element elementor-element-e42e97a elementor-widget elementor-widget-image\" data-id=\"e42e97a\" data-element_type=\"widget\" data-widget_type=\"image.default\">\n\t\t\t\t<div class=\"elementor-widget-container\">\n\t\t\t\t\t<div class=\"elementor-image\">\n\t\t\t\t\t\t\t\t\t\t<img width=\"300\" height=\"142\" src=\"https:\/\/profissionais.aecister.pt\/wp-content\/uploads\/2024\/04\/RP_Edu_2024-1-300x142.png\" class=\"attachment-medium size-medium\" alt=\"\" loading=\"lazy\" srcset=\"https:\/\/profissionais.aecister.pt\/wp-content\/uploads\/2024\/04\/RP_Edu_2024-1-300x142.png 300w, https:\/\/profissionais.aecister.pt\/wp-content\/uploads\/2024\/04\/RP_Edu_2024-1-1024x484.png 1024w, https:\/\/profissionais.aecister.pt\/wp-content\/uploads\/2024\/04\/RP_Edu_2024-1-768x363.png 768w, https:\/\/profissionais.aecister.pt\/wp-content\/uploads\/2024\/04\/RP_Edu_2024-1-1536x726.png 1536w, https:\/\/profissionais.aecister.pt\/wp-content\/uploads\/2024\/04\/RP_Edu_2024-1-2048x968.png 2048w\" sizes=\"(max-width: 300px) 100vw, 300px\" \/>\t\t\t\t\t\t\t\t\t\t\t<\/div>\n\t\t\t\t<\/div>\n\t\t\t\t<\/div>\n\t\t\t\t\t<\/div>\n\t\t<\/div>\n\t\t\t\t\t\t\t<\/div>\n\t\t<\/section>\n\t\t\t\t\t\t<\/div>\n\t\t\t\t\t<\/div>\n\t\t","protected":false},"excerpt":{"rendered":"<p>Plano de estudos Perfil O\/A T\u00e9cnico\/a de A\u00e7\u00e3o Educativa cuida de crian\u00e7as com idade at\u00e9 aos 6 anos, incluindo crian\u00e7as com necessidades espec\u00edficas de educa\u00e7\u00e3o, durante as suas atividades quotidianas e de tempos livres, garantindo a sua seguran\u00e7a e bem-estar e promovendo o seu desenvolvimento adequado. Sa\u00eddas Profissionais Colaborar com o\/a respons\u00e1vel pelas atividades l\u00fadico-pedag\u00f3gicas &hellip;<\/p>\n<p class=\"read-more\"> <a class=\"\" href=\"https:\/\/profissionais.aecister.pt\/index.php\/sobretoe\/\"> <span class=\"screen-reader-text\">TAE<\/span> Read More &raquo;<\/a><\/p>\n","protected":false},"author":1,"featured_media":0,"parent":0,"menu_order":0,"comment_status":"closed","ping_status":"closed","template":"","meta":[],"yoast_head":"<!-- This site is optimized with the Yoast SEO plugin v15.8 - https:\/\/yoast.com\/wordpress\/plugins\/seo\/ -->\n<title>TAE - Cursos Profissionais<\/title>\n<meta name=\"robots\" content=\"index, follow, max-snippet:-1, max-image-preview:large, max-video-preview:-1\" \/>\n<link rel=\"canonical\" href=\"https:\/\/profissionais.aecister.pt\/index.php\/sobretoe\/\" \/>\n<meta property=\"og:locale\" content=\"pt_PT\" \/>\n<meta property=\"og:type\" content=\"article\" \/>\n<meta property=\"og:title\" content=\"TAE - Cursos Profissionais\" \/>\n<meta property=\"og:description\" content=\"Plano de estudos Perfil O\/A T\u00e9cnico\/a de A\u00e7\u00e3o Educativa cuida de crian\u00e7as com idade at\u00e9 aos 6 anos, incluindo crian\u00e7as com necessidades espec\u00edficas de educa\u00e7\u00e3o, durante as suas atividades quotidianas e de tempos livres, garantindo a sua seguran\u00e7a e bem-estar e promovendo o seu desenvolvimento adequado. Sa\u00eddas Profissionais Colaborar com o\/a respons\u00e1vel pelas atividades l\u00fadico-pedag\u00f3gicas &hellip; TAE Read More &raquo;\" \/>\n<meta property=\"og:url\" content=\"https:\/\/profissionais.aecister.pt\/index.php\/sobretoe\/\" \/>\n<meta property=\"og:site_name\" content=\"Cursos Profissionais\" \/>\n<meta property=\"article:modified_time\" content=\"2024-04-08T18:43:03+00:00\" \/>\n<meta property=\"og:image\" content=\"https:\/\/profissionais.aecister.pt\/wp-content\/uploads\/2024\/04\/TAE.png\" \/>\n<meta name=\"twitter:card\" content=\"summary_large_image\" \/>\n<meta name=\"twitter:label1\" content=\"Est. reading time\">\n\t<meta name=\"twitter:data1\" content=\"2 minutos\">\n<script type=\"application\/ld+json\" class=\"yoast-schema-graph\">{\"@context\":\"https:\/\/schema.org\",\"@graph\":[{\"@type\":\"WebSite\",\"@id\":\"https:\/\/profissionais.aecister.pt\/#website\",\"url\":\"https:\/\/profissionais.aecister.pt\/\",\"name\":\"Cursos Profissionais\",\"description\":\"Oferta Formativa\",\"potentialAction\":[{\"@type\":\"SearchAction\",\"target\":\"https:\/\/profissionais.aecister.pt\/?s={search_term_string}\",\"query-input\":\"required name=search_term_string\"}],\"inLanguage\":\"pt-PT\"},{\"@type\":\"ImageObject\",\"@id\":\"https:\/\/profissionais.aecister.pt\/index.php\/sobretoe\/#primaryimage\",\"inLanguage\":\"pt-PT\",\"url\":\"https:\/\/profissionais.aecister.pt\/wp-content\/uploads\/2024\/04\/TAE.png\",\"width\":405,\"height\":243},{\"@type\":\"WebPage\",\"@id\":\"https:\/\/profissionais.aecister.pt\/index.php\/sobretoe\/#webpage\",\"url\":\"https:\/\/profissionais.aecister.pt\/index.php\/sobretoe\/\",\"name\":\"TAE - Cursos Profissionais\",\"isPartOf\":{\"@id\":\"https:\/\/profissionais.aecister.pt\/#website\"},\"primaryImageOfPage\":{\"@id\":\"https:\/\/profissionais.aecister.pt\/index.php\/sobretoe\/#primaryimage\"},\"datePublished\":\"2024-02-26T08:46:41+00:00\",\"dateModified\":\"2024-04-08T18:43:03+00:00\",\"breadcrumb\":{\"@id\":\"https:\/\/profissionais.aecister.pt\/index.php\/sobretoe\/#breadcrumb\"},\"inLanguage\":\"pt-PT\",\"potentialAction\":[{\"@type\":\"ReadAction\",\"target\":[\"https:\/\/profissionais.aecister.pt\/index.php\/sobretoe\/\"]}]},{\"@type\":\"BreadcrumbList\",\"@id\":\"https:\/\/profissionais.aecister.pt\/index.php\/sobretoe\/#breadcrumb\",\"itemListElement\":[{\"@type\":\"ListItem\",\"position\":1,\"item\":{\"@type\":\"WebPage\",\"@id\":\"https:\/\/profissionais.aecister.pt\/\",\"url\":\"https:\/\/profissionais.aecister.pt\/\",\"name\":\"Home\"}},{\"@type\":\"ListItem\",\"position\":2,\"item\":{\"@type\":\"WebPage\",\"@id\":\"https:\/\/profissionais.aecister.pt\/index.php\/sobretoe\/\",\"url\":\"https:\/\/profissionais.aecister.pt\/index.php\/sobretoe\/\",\"name\":\"TAE\"}}]}]}<\/script>\n<!-- \/ Yoast SEO plugin. -->","_links":{"self":[{"href":"https:\/\/profissionais.aecister.pt\/index.php\/wp-json\/wp\/v2\/pages\/25371"}],"collection":[{"href":"https:\/\/profissionais.aecister.pt\/index.php\/wp-json\/wp\/v2\/pages"}],"about":[{"href":"https:\/\/profissionais.aecister.pt\/index.php\/wp-json\/wp\/v2\/types\/page"}],"author":[{"embeddable":true,"href":"https:\/\/profissionais.aecister.pt\/index.php\/wp-json\/wp\/v2\/users\/1"}],"replies":[{"embeddable":true,"href":"https:\/\/profissionais.aecister.pt\/index.php\/wp-json\/wp\/v2\/comments?post=25371"}],"version-history":[{"count":11,"href":"https:\/\/profissionais.aecister.pt\/index.php\/wp-json\/wp\/v2\/pages\/25371\/revisions"}],"predecessor-version":[{"id":25555,"href":"https:\/\/profissionais.aecister.pt\/index.php\/wp-json\/wp\/v2\/pages\/25371\/revisions\/25555"}],"wp:attachment":[{"href":"https:\/\/profissionais.aecister.pt\/index.php\/wp-json\/wp\/v2\/media?parent=25371"}],"curies":[{"name":"wp","href":"https:\/\/api.w.org\/{rel}","templated":true}]}}